03, -3*y + 0*l + 4*l = -545. Is y a prime number?
False
Let n(d) = -d**3 - 3*d**2 - d - 1. Let l(y) = y - 1. Let r be l(-3). Is n(r) a prime number?
True
Let u(n) = 8*n + 14. Let a be u(10). Suppose 0*w - a = -w. Suppose -w = -y + 35. Is y a composite number?
True
Suppose -2*z = 3*w - 10445, 5239 = z - 0*z - 4*w. Is z composite?
False
Let g = 9 - 16. Let d = g + 3. Let u(h) = -17*h + 1. Is u(d) composite?
True
Suppose 0 = -10*n + 5*n - 75. Is 2/5 + (-129)/n a composite number?
True
Suppose -6*r + 628 = -2*r. Suppose 0*x = x - r. Is x composite?
False
Let m = 1274 + -606. Let o = m - 445. Is o a prime number?
True
Suppose -2*g + 4*g - 10 = 0. Suppose -4*o + 4*r + 568 = 0, -448 = -g*o + 3*r + 268. Is o a prime number?
False
Is (-7)/((-392)/230200) - (-4)/14 a prime number?
True
Let y(b) be the first derivative of b**3 - 1 - b + 5/2*b**2. Is y(4) a prime number?
True
Is (776/20)/((-8)/(-20)) a prime number?
True
Suppose -5*i = -9*i + 3676. Is i a composite number?
False
Let b(x) = x**3 + 31*x**2 + 20*x - 9. Is b(-24) prime?
False
Suppose -p = 2*a - 186, 2*a + 348 = 2*p - 0*a. Suppose 5*z + 63 = c, 5*z + p = 3*c + 9. Is c composite?
False
Suppose -4*z + 268 = -2*z. Is z a prime number?
False
Suppose 2*p + 1719 = 11*p. Is p a composite number?
False
Suppose 2*x - 12 = -0*h + 4*h, 4*h = 0. Is (2/x)/((-1)/(-111)) a prime number?
True
Let b(y) = -y**2 + 30*y + 33. Is b(16) composite?
False
Let m be -1 + 1 + 24/3. Let v(r) = -35*r**2 - 17*r + 5. Let g(k) = 23*k**2 + 11*k - 3. Let s(i) = m*g(i) + 5*v(i). Is s(-2) a prime number?
True
Let u = -12 - -3. Let b be (51/u - 0)*-3. Suppose 22 = 3*m - b. Is m a composite number?
False
Is 9/6*1136/12 a composite number?
True
Let w(j) = -19*j + 10*j + 10*j + 52*j**2. Is w(1) composite?
False
Is (-1)/(2876/(-958) - -3) composite?
False
Let i(g) = g**3 - 6*g**2 - 1. Let l be i(6). Let q(r) = -120*r - 1. Is q(l) a composite number?
True
Is (764/(-16))/((-1)/4) a composite number?
False
Let r(w) = 14*w - w**2 - w**3 - 14 - 2*w**2 + 13*w**2. Is r(11) composite?
False
Let i = -3 + 7. Suppose 2*r - 72 = -0*u + 2*u, r - i*u = 30. Is r composite?
True
Let j(z) = -z**2 + 10*z + 2. Let f be j(7). Let o = f + 54. Is o a prime number?
False
Suppose -4*h - 3*y = -0*y - 559, 0 = h + 5*y - 127. Suppose h = 3*k - k. Is k a composite number?
False
Suppose 0*h - 105 = -3*h. Suppose 3*c + 21 = 3*z, -5*c = -0*z - 3*z + h. Let t(a) = 2*a**2 + 5*a - 6. Is t(c) a prime number?
False
Suppose -2*a + 3 = 1. Is -1 - 146/(a - 2) a composite number?
True
Suppose 2*q = 3*q + 267. Let u = -448 - -302. Let c = u - q. Is c a prime number?
False
Let d(i) = 180*i**3 + 3*i**2 - 7*i + 1. Is d(2) prime?
True
Let r(b) = 4*b**2 + 3*b - 5. Let f(t) = t - 1. Let x(c) = -6*f(c) + r(c). Is x(-4) prime?
False
Suppose 205 = -5*b + 5*o, -5*b + 4*o = 47 + 153. Let m = b - -67. Is m prime?
True
Let t = -9 + 15. Let r = 9 - t. Suppose r*g + 476 = 7*g. Is g prime?
False
Let j(f) = -201*f - 5. Is j(-4) a prime number?
False
Suppose -1361 + 96 = -5*i. Is i a composite number?
True
Suppose r + 0*v = -3*v + 5, -2*v - 2 = -2*r. Suppose -r*y + 5*y - 15 = 0. Suppose y*h - 45 = -f - 4*f, -f = 2. Is h prime?
True
Let o = -16 + 191. Suppose 0 = 3*w + y - 179, -2*y - o = -3*w - 7*y. Suppose 3*z + z = w. Is z a prime number?
False
Suppose 0 = -q + 255 + 164. Is q prime?
True
Is 1 - (-1 - -3) - -162 a prime number?
False
Suppose 8 = 4*y - 4. Suppose 0 = 2*h - 4. Is (36 - (-2 + y)) + h composite?
False
Suppose -10*n = -6*n - 572. Is n composite?
True
Let q = -17 - -19. Suppose -52 = q*u - 242. Is u composite?
True
Let n = -620 - -1119. Is n a prime number?
True
Suppose 0*x + 5*a = 3*x - 120, -76 = -2*x + 2*a. Is x a composite number?
True
Let i be 8/52 - 150/(-39). Is (-3 + i)/(2/154) composite?
True
Let s be -3*(20/(-3))/5. Suppose 2*o + 4*y = 126, 0 = o - s*y - 42 - 27. Is o a prime number?
False
Let w = 4931 - 2958. Is w a composite number?
False
Let p = 6711 - 4276. Is p prime?
False
Let g = 6 - 3. Suppose -g = u - 0. Let a = 38 + u. Is a prime?
False
Suppose 0 = -2*v + 75 + 73. Is v a composite number?
True
Let h(v) = 4*v**2 + 2*v - 5. Is h(-6) prime?
True
Let b(h) = 11*h**2 + 2*h - 2. Is b(3) a prime number?
True
Let w = 58 - 182. Let d be ((-7)/2 - -3)*w. Is 6*2/(-4) + d composite?
False
Let n = -75 + 39. Let p = -129 - -28. Let c = n - p. Is c composite?
True
Let y(g) = -7*g - 1. Let x be y(-7). Let c = 69 - x. Is c composite?
True
Let z be 0*2/(-4) - -25. Let q = z + 9. Is q a prime number?
False
Let a(v) = 37*v + 4 - 3 + 4. Let i be a(-4). Let h = i + 262. Is h composite?
True
Suppose -5*k = n - 12, 5*k = -0*k + 5*n + 30. Suppose 0*g = -k*g - 420. Let r = -54 - g. Is r composite?
True
Suppose -10920 = -5*v + v. Suppose 2*m + v = 4*p, 2065 = 3*p - m + 3*m. Is p prime?
False
Let k(a) = a**3 - 6*a**2 + 2*a + 4. Let h be k(4). Let b be ((-8)/10)/(4/h). Suppose n - 77 = t + 5, 5*n = -b*t + 383. Is n a composite number?
False
Let x(m) = m + 9. Let z be x(-6). Suppose z*w = w + 10. Suppose q = -w*f + 91, 2*q + 2*q - 3*f - 456 = 0. Is q a prime number?
False
Let d = -6 - -9. Suppose j - d*t - 181 = -t, 5*t = -j + 195. Is j a composite number?
True
Suppose 2 = 3*j - 172. Is j composite?
True
Suppose -b - 2*b + 6 = 0. Suppose b*n = -2*q + 154 + 76, 0 = -n - 2*q + 111. Is n a prime number?
False
Let y be (2/(-6))/((-8)/48). Let v be 1*(5 - 1 - 0). Suppose 0*r + 504 = v*r - 5*f, 5*r = -y*f + 663. Is r a prime number?
True
Let v(b) = 9 + 0 - 9*b - b**2 - 3. Let r = 1 + -10. Is v(r) a prime number?
False
Suppose 2*v + 4 = 4*v. Suppose 0 = -v*s + 4 - 16. Is (-80)/s - 4/12 composite?
False
Let n(w) = -w + 8. Let k be n(5). Suppose 4*m + 3*b - 9 = 0, 0 = -m - 2*b - b + 9. Is -2 + m + k + 30 composite?
False
Let q = -12 - -11. Let d be (-81 - (-1 - 0)) + q. Let k = d + 136. Is k a composite number?
True
Let b(u) = -u**3 + 8*u**2 + 6*u + 1. Let q be b(8). Suppose q = k + 153. Is (9/6)/((-6)/k) composite?
True
Let v = 292 - 81. Is v a prime number?
True
Let v = -1586 + 1121. Is (-3)/(9/v) - -2 prime?
True
Let v = -191 + 1184. Is v composite?
True
Let z = -350 - -679. Is z composite?
True
Let f = -181 - -592. Is f composite?
True
Let t(r) = -r**3 - r**2 + 5. Let p be (3 + 2)*-1 + -1. Let h be t(p). Suppose -4*c + 0*g = g - 216, 5*g = 3*c - h. Is c a composite number?
True
Let j = 26 - 18. Let d = j - 4. Is (36/27)/(d/114) prime?
False
Let z be -1 - 3*(-4)/6. Is (105/(-20))/(z/(-4)) composite?
True
Let u(k) = -k**2 - 10*k - 10. Let q be u(-7). Suppose c - q = 2. Is c a composite number?
False
Suppose 3 - 26 = -4*f + j, 5 = 4*f + 5*j. Suppose -799 = -3*t - 5*s, -5*t + 190 = -f*s - 1155. Suppose 3*d - t = -d. Is d a prime number?
True
Let i be (-1547)/5 - (-2)/5. Suppose 4*r - 5*r = -464. Let m = r + i. Is m a composite number?
True
Let f = 38 - 35. Let h(z) = z**2 - 3*z - 1. Let x be h(4). Suppose -f*u + 24 - x = 0. Is u composite?
False
Suppose 134 + 41 = 5*o. Let r = 7 + o. Suppose r = 5*f - 63. Is f composite?
True
Suppose 485 = -5*z - 155. Let u = z - 34. Let f = u + 241. Is f a composite number?
False
Suppose -1 = -4*f + 15. Suppose 0 = 2*d + f*x - 86, 2*x = 5*d - 3*x - 290. Is d a prime number?
True
Suppose 8*r - 8 = 4*r. Suppose 2*b + 90 = 3*h, 0*h = -2*b + 2*h - 86. Is r/(-1 - 45/b) a composite number?
False
Suppose 0 = -2*u + 4*v + 26, 5*v + 30 = 3*u - 5. Suppose y - 10 = -5*x, -x - x + u*y = -31. Is (174/4)/(x/4) a prime number?
False
Let a(g) = -3*g**2 - 3*g + 4. Let y be a(-3). Let v = -8 - y. Is (v/(-9))/((-2)/417) a prime number?
True
Is 204/8 - (-2)/(-4) a prime number?
False
Is 2 + (-5 - -8) + 1236 a prime number?
False
Let w = -3 - -4. Let u be (0 + w)*(-1 - -2). Suppose -f + 118 + u = 3*n, 3*f - 329 = 5*n. Is f a composite number?
False
Let n be (-4)/6 - (-8)/3. Suppose 3*i + n = 4*i. Is i a prime number?
True
Let d(l) = 74*l**2 - 9*l + 9. Is d(4) a composite number?
True
Let i = -1 - -9. Suppose 0 = -2*w + i. Is 2*(-2)/(w/(-19)) a prime number?
True
Suppose 4*n = 2*n - 2*r + 2712, -4*n + 3*r = -5459. Is n composite?
False
Let j = -49 - -134. Is j prime?
False
Let k = 4 + -7. Let d be 0/((-1)/(-1) + k). Let t = 83 + d. Is t prime?
True
Is 3992/28 - (-6)/14 a composite number?
True
Suppose -3*p = 40 + 11. Let o = 22 + 9. Let i = o + p. Is i a composite number?
True
Sup